
What is the thousands digit of 1570?
1
What is the tens digit of 30885?
8
What is the tens digit of 978?
7
What is the tens digit of 60028?
2
What is the tens digit of 71277?
7
What is the thousands digit of 6088?
6
What is the tens digit of 2299?
9
What is the hundreds digit of 3318?
3
What is the tens digit of 415?
1
What is the hundreds digit of 14077?
0
What is the hundreds digit of 31427?
4
What is the units digit of 52313?
3
What is the tens digit of 92?
9
What is the units digit of 675?
5
What is the units digit of 5853?
3
What is the hundreds digit of 6000?
0
What is the tens digit of 1254?
5
What is the thousands digit of 21470?
1
What is the units digit of 22410?
0
What is the units digit of 3485?
5
What is the ten thousands digit of 41932?
4
What is the hundreds digit of 4764?
7
What is the thousands digit of 36629?
6
What is the hundreds digit of 3033?
0
What is the tens digit of 9872?
7
What is the thousands digit of 1493?
1
What is the tens digit of 507?
0
What is the hundreds digit of 13848?
8
What is the hundreds digit of 117458?
4
What is the hundreds digit of 2020?
0
What is the units digit of 104629?
9
What is the hundreds digit of 446?
4
What is the thousands digit of 58631?
8
What is the units digit of 8346?
6
What is the tens digit of 158?
5
What is the tens digit of 750?
5
What is the hundreds digit of 1198?
1
What is the tens digit of 14722?
2
What is the tens digit of 288?
8
What is the hundreds digit of 7862?
8
What is the ten thousands digit of 23210?
2
What is the hundreds digit of 87031?
0
What is the tens digit of 2518?
1
What is the tens digit of 8559?
5
What is the tens digit of 667?
6
What is the tens digit of 4541?
4
What is the ten thousands digit of 40811?
4
What is the units digit of 16833?
3
What is the thousands digit of 9822?
9
What is the units digit of 28318?
8
What is the thousands digit of 7113?
7
What is the units digit of 9155?
5
What is the thousands digit of 16946?
6
What is the units digit of 3606?
6
What is the units digit of 636?
6
What is the hundreds digit of 1279?
2
What is the tens digit of 6452?
5
What is the units digit of 3141?
1
What is the tens digit of 7494?
9
What is the tens digit of 726?
2
What is the thousands digit of 1209?
1
What is the thousands digit of 13576?
3
What is the units digit of 1497?
7
What is the tens digit of 5224?
2
What is the tens digit of 2143?
4
What is the hundreds digit of 76401?
4
What is the hundreds digit of 565?
5
What is the units digit of 725?
5
What is the tens digit of 8925?
2
What is the units digit of 32467?
7
What is the units digit of 8803?
3
What is the ten thousands digit of 65351?
6
What is the thousands digit of 49747?
9
What is the hundreds digit of 125?
1
What is the tens digit of 6162?
6
What is the units digit of 13571?
1
What is the thousands digit of 16165?
6
What is the thousands digit of 2437?
2
What is the tens digit of 3633?
3
What is the tens digit of 31214?
1
What is the thousands digit of 3464?
3
What is the tens digit of 756?
5
What is the thousands digit of 49010?
9
What is the hundreds digit of 6444?
4
What is the tens digit of 913?
1
What is the hundreds digit of 428?
4
What is the tens digit of 824?
2
What is the hundreds digit of 4021?
0
What is the ten thousands digit of 10626?
1
What is the ten thousands digit of 11563?
1
What is the units digit of 2498?
8
What is the units digit of 19481?
1
What is the units digit of 7906?
6
What is the tens digit of 4994?
9
What is the tens digit of 27888?
8
What is the units digit of 595?
5
What is the hundreds digit of 11068?
0
What is the tens digit of 20887?
8
What is the units digit of 73?
3
What is the units digit of 845?
5
What is the tens digit of 35?
3
What is the tens digit of 16584?
8
What is the tens digit of 1388?
8
What is the tens digit of 9574?
7
What is the hundreds digit of 3582?
5
What is the tens digit of 2691?
9
What is the units digit of 422?
2
What is the units digit of 2452?
2
What is the ten thousands digit of 27682?
2
What is the tens digit of 7283?
8
What is the units digit of 3078?
8
What is the thousands digit of 19061?
9
What is the thousands digit of 12536?
2
What is the tens digit of 565?
6
What is the thousands digit of 73983?
3
What is the units digit of 1121?
1
What is the hundreds digit of 3632?
6
What is the thousands digit of 18161?
8
What is the units digit of 172?
2
What is the units digit of 27996?
6
What is the hundreds digit of 1069?
0
What is the units digit of 630?
0
What is the hundreds digit of 781?
7
What is the hundred thousands digit of 142124?
1
What is the tens digit of 671?
7
What is the thousands digit of 13739?
3
What is the thousands digit of 2510?
2
What is the thousands digit of 49775?
9
What is the hundreds digit of 1979?
9
What is the units digit of 54939?
9
What is the units digit of 252?
2
What is the units digit of 959?
9
What is the tens digit of 74?
7
What is the hundreds digit of 190?
1
What is the units digit of 857?
7
What is the hundreds digit of 1245?
2
What is the hundreds digit of 818?
8
What is the thousands digit of 33388?
3
What is the ten thousands digit of 18584?
1
What is the thousands digit of 3144?
3
What is the units digit of 654?
4
What is the tens digit of 765?
6
What is the tens digit of 1332?
3
What is the thousands digit of 23799?
3
What is the tens digit of 1586?
8
What is the units digit of 2683?
3
What is the tens digit of 626?
2
What is the hundreds digit of 52461?
4
What is the thousands digit of 31955?
1
What is the hundreds digit of 8549?
5
What is the hundreds digit of 234?
2
What is the units digit of 122527?
7
What is the hundreds digit of 34387?
3
What is the thousands digit of 1644?
1
What is the tens digit of 26981?
8
What is the hundreds digit of 164634?
6
What is the tens digit of 2434?
3
What is the thousands digit of 21002?
1
What is the units digit of 2068?
8
What is the tens digit of 68816?
1
What is the thousands digit of 36269?
6
What is the tens digit of 501?
0
What is the tens digit of 3761?
6
What is the tens digit of 15467?
6
What is the hundreds digit of 4171?
1
What is the thousands digit of 1564?
1
What is the thousands digit of 1243?
1
What is the thousands digit of 2030?
2
What is the units digit of 954?
4
What is the tens digit of 782?
8
What is the units digit of 574?
4
What is the hundreds digit of 163?
1
What is the hundreds digit of 781?
7
What is the units digit of 1572?
2
What is the tens digit of 95860?
6
What is the hundreds digit of 148883?
8
What is the tens digit of 103510?
1
What is the thousands digit of 4665?
4
What is the tens digit of 68233?
3
What is the thousands digit of 21693?
1
What is the hundreds digit of 14804?
8
What is the hundreds digit of 1157?
1
What is the tens digit of 2877?
7
What is the units digit of 632?
2
What is the hundreds digit of 18174?
1
What is the units digit of 181846?
6
What is the thousands digit of 5892?
5
What is the hundreds digit of 15840?
8
What is the ten thousands digit of 25304?
2
What is the units digit of 915?
5
What is the tens digit of 40?
4
What is the tens digit of 93?
9
What is the hundreds digit of 772?
7
What is the hundreds digit of 12864?
8
What is the units digit of 3335?
5
What is the ten thousands digit of 22172?
2
What is the hundreds digit of 8879?
8
What is the hundreds digit of 365?
3
What is the thousands digit of 1569?
1
What is the units digit of 147738?
8
What is the hundreds digit of 13103?
1
What is the ten thousands digit of 23848?
2
What is the tens digit of 977?
7
What is the hundreds digit of 1001?
0
What is the tens digit of 3183?
8
What is the units digit of 1634?
4
What is the hundreds digit of 136?
1
What is the tens digit of 166801?
0
What is the tens digit of 3085?
8
What is the thousands digit of 1567?
1
What is the tens digit of 30328?
2
What is the tens digit of 21749?
4
What is the thousands digit of 24901?
4
What is the ten thousands digit of 19606?
1
What is the hundreds digit of 26834?
8
What is the tens digit of 17993?
9
What is the tens digit of 2508?
0
What is the units digit of 19182?
2
What is the tens digit of 132051?
5
What is the units digit of 4061?
1
What is the thousands digit of 3813?
3
What is the thousands digit of 4422?
4
What is the units digit of 4?
4
W